 of 924 and 252.
84
Calculate the highest common factor of 2 and 562.
2
What is the greatest common factor of 935 and 170?
85
Calculate the greatest common factor of 36 and 396.
36
What is the greatest common factor of 6992 and 920?
184
Calculate the highest common factor of 290 and 24795.
145
Calculate the highest common divisor of 5146 and 1079.
83
What is the greatest common factor of 12 and 444?
12
What is the highest common divisor of 9 and 729?
9
What is the highest common divisor of 10 and 1030?
10
Calculate the greatest common divisor of 144 and 9468.
36
What is the greatest common divisor of 4010 and 50?
10
What is the highest common factor of 21 and 81?
3
What is the highest common factor of 11 and 15829?
11
What is the highest common factor of 10680 and 240?
120
Calculate the greatest common divisor of 6 and 597.
3
What is the highest common divisor of 28 and 7?
7
What is the highest common factor of 232 and 319?
29
Calculate the greatest common divisor of 66 and 4323.
33
What is the highest common divisor of 204 and 1530?
102
Calculate the greatest common divisor of 96 and 32.
32
What is the greatest common divisor of 94 and 5311?
47
What is the greatest common factor of 18 and 42?
6
Calculate the greatest common factor of 1360 and 80.
80
What is the greatest common factor of 147 and 3507?
21
What is the highest common factor of 172 and 86?
86
What is the greatest common divisor of 31 and 3?
1
Calculate the greatest common factor of 483 and 21.
21
What is the highest common divisor of 1 and 151?
1
Calculate the greatest common factor of 4047 and 57.
57
What is the highest common factor of 8246 and 266?
266
Calculate the highest common factor of 336 and 518.
14
Calculate the highest common divisor of 27 and 216.
27
What is the greatest common divisor of 68 and 102?
34
Calculate the greatest common divisor of 5 and 8.
1
Calculate the highest common factor of 29 and 3538.
29
What is the highest common divisor of 32 and 2528?
32
Calculate the highest common factor of 52 and 39.
13
Calculate the highest common factor of 656 and 205.
41
Calculate the greatest common divisor of 84 and 392.
28
What is the highest common divisor of 11970 and 462?
42
Calculate the highest common factor of 65716 and 14.
14
Calculate the greatest common divisor of 8 and 1816.
8
What is the greatest common factor of 324 and 729?
81
Calculate the greatest common divisor of 110 and 88.
22
What is the greatest common factor of 117 and 144?
9
What is the greatest common divisor of 39 and 22269?
39
What is the highest common factor of 14 and 4200?
14
Calculate the highest common factor of 11370 and 40.
10
What is the greatest common factor of 9297 and 18?
9
Calculate the highest common factor of 63 and 1197.
63
Calculate the highest common divisor of 3317 and 107.
107
Calculate the greatest common factor of 3589 and 97.
97
What is the highest common factor of 561 and 110?
11
What is the greatest common factor of 3690 and 80?
10
What is the highest common factor of 1274 and 147?
49
Calculate the highest common factor of 57 and 969.
57
Calculate the highest common divisor of 86 and 559.
43
What is the greatest common divisor of 187 and 12529?
187
What is the highest common factor of 59 and 4897?
59
Calculate the greatest common divisor of 123 and 82.
41
What is the greatest common factor of 9 and 483?
3
Calculate the highest common factor of 40 and 20.
20
Calculate the highest common factor of 1177 and 214.
107
Calculate the highest common factor of 171 and 9.
9
Calculate the highest common factor of 48 and 3.
3
Calculate the greatest common factor of 287 and 205.
41
Calculate the greatest common factor of 544 and 112.
16
Calculate the greatest common factor of 80 and 7760.
80
Calculate the greatest common factor of 61 and 3233.
61
What is the greatest common divisor of 91 and 112?
7
What is the highest common factor of 270 and 4482?
54
Calculate the greatest common factor of 1805 and 57.
19
What is the highest common factor of 460 and 69?
23
Calculate the highest common factor of 1590 and 390.
30
Calculate the greatest common divisor of 738 and 18.
18
Calculate the greatest common divisor of 2086 and 28.
14
Calculate the highest common divisor of 2499 and 588.
147
What is the highest common factor of 7 and 3941?
7
What is the greatest common divisor of 630 and 854?
14
What is the greatest common factor of 27 and 123?
3
Calculate the greatest common divisor of 10 and 2570.
10
What is the highest common divisor of 14 and 112?
14
What is the highest common divisor of 2624 and 128?
64
What is the greatest common factor of 35 and 55895?
35
What is the greatest common factor of 92 and 322?
46
What is the greatest common divisor of 16 and 456?
8
What is the highest common factor of 45 and 6?
3
Calculate the greatest common factor of 12 and 344.
4
Calculate the greatest common factor of 100 and 58900.
100
What is the highest common factor of 1767 and 2697?
93
Calculate the highest common divisor of 260 and 380.
20
What is the greatest common divisor of 270 and 240?
30
What is the highest common divisor of 144 and 36?
36
What is the greatest common factor of 208 and 20?
4
Calculate the greatest common divisor of 63 and 3423.
21
What is the highest common divisor of 27 and 10449?
27
What is the highest common factor of 39 and 2067?
39
Calculate the highest common factor of 1872 and 12636.
468
Calculate the highest common factor of 33 and 1221.
33
Calculate the greatest common divisor of 4 and 2228.
4
What is the highest common factor of 399 and 14?
7
Calculate the greatest common divisor of 31 and 403.
31
What is the highest common divisor of 675 and 27?
27
Calculate the highest common factor of 25 and 28075.
25
What is the greatest common divisor of 792 and 12?
12
What is the highest common divisor of 624 and 195?
39
Calculate the highest common factor of 876 and 12.
12
What is the greatest common factor of 34442 and 34?
34
Calculate the highest common divisor of 261 and 18.
9
What is the greatest common divisor of 29 and 464?
29
What is the highest common divisor of 384 and 32?
32
Calculate the greatest common factor of 40 and 9136.
8
What is the highest common divisor of 896 and 28?
28
What is the highest common divisor of 505 and 707?
101
Calculate the highest common divisor of 9 and 3339.
9
Calculate the greatest common divisor of 42 and 1722.
42
Calculate the highest common factor of 16 and 5.
1
What is the greatest common divisor of 15507 and 36?
9
Calculate the highest common divisor of 28048 and 16.
16
Calculate the greatest common factor of 1164 and 12.
12
Calculate the greatest common factor of 234 and 52.
26
What is the highest common divisor of 21 and 93?
3
What is the highest common divisor of 16 and 916?
4
What is the highest common divisor of 273 and 7?
7
Calculate the highest common factor of 6693 and 97.
97
Calculate the highest common divisor of 6405 and 45.
15
What is the greatest common factor of 160 and 120?
40
Calculate the greatest common factor of 4 and 4.
4
Calculate the greatest common factor of 144 and 252.
36
What is the greatest common divisor of 44 and 17116?
44
Calculate the highest common divisor of 162 and 6.
6
Calculate the highest common divisor of 33 and 4499.
11
Calculate the greatest common divisor of 42 and 189.
21
Calculate the highest common factor of 223 and 9.
1
What is the highest common factor of 2226 and 84?
42
Calculate the highest common factor of 15 and 60.
15
Calculate the greatest common factor of 13 and 143.
13
What is the greatest common factor of 52 and 1027?
13
What is the highest common factor of 90 and 1170?
90
What is the highest common divisor of 806 and 130?
26
Calculate the greatest common factor of 2250 and 6.
6
What is the greatest common factor of 1386 and 11?
11
Calculate the highest common factor of 190 and 26410.
190
Calculate the greatest common factor of 9 and 49887.
9
Calculate the highest common divisor of 51 and 36227.
17
What is the greatest common divisor of 34 and 16?
2
Calculate the greatest common factor of 100 and 8.
4
Calculate the greatest common factor of 462 and 66.
66
Calculate the highest common divisor of 189 and 27.
27
What is the highest common factor of 1024 and 64?
64
Calculate the h